4) + -3 + -11.
124
Evaluate -31 + 11 + (-33 - -53 - 30).
-30
Calculate -33 + 38 - 49 - -102 - (0 - -1).
57
Evaluate (-248 - -385) + (4 - 119).
22
-27 - (10 + (24 - 53 - -7))
-15
What is the value of 73 + -35 + (-5 - -20)?
53
Calculate 1 + 3 + 9 + (-3 - -3) - (30 + -34).
17
What is 9 + -33 + 11 - (-21 - 20)?
28
Evaluate -20 + (1 - 9 - (-39 - (20 + -29)) - 11).
-9
What is the value of -21 + -31 - (-1 + 26 + -10)?
-67
What is -104 - (24 - -68 - 188)?
-8
-57 + -22 - (-24 - (-5 + (-1 - 12)))
-73
What is -16 + -3 + -36 + 4 + 21 + 21?
-9
What is the value of -53 + 19 + (-38 - -86)?
14
(-18 - 12 - (11 + -27)) + 92 + 2
80
What is the value of 0 + 29 + -4287 + 4236?
-22
Evaluate -29 + -8 + 24 + (-5 - -25) + 77.
84
Calculate 26 + (36 - -9 - 63).
8
What is (1345 - 1365) + 2 + 1 + (3 - 4)?
-18
What is the value of ((0 - -5) + -3 - -50) + (-67 - 4) + 63?
44
17 - (6 + -31 - (-137 - -31))
-64
-24 - (-21 + 19 + -1 + 11 + -8)
-24
33 - (16 - (17 - 4) - (-1 - -1))
30
What is -28 - ((26 - 17 - 6) + 7 - 16)?
-22
-67 + 2 - (109 - (256 + -127))
-45
Calculate (-3 - -17) + 1041 + -1005.
50
3 + 4 + (-11 - -10) + (40 - 59)
-13
-17 + (-64 - -83 - (4 + 10)) + 95 + -2
81
(-58 + 50 - (3 - 22)) + (27 - (-4 - -8))
34
Calculate -619 + 579 - (6 - 9 - 5).
-32
Calculate -7 + (-75 - 0) + 30 + 21 + -58.
-89
1 + 23 + (-86 - 32 - -133)
39
What is the value of -12 + (-38 - -50) - 23 - ((0 - 1) + -8)?
-14
What is -18 + 2 - 63 - (20 + -38 + 34)?
-95
What is the value of (-4 + 3 - (4 + 4)) + (-1 - 101) + -13?
-124
What is (5 + (-4 + 5 - 6) - 0) + (-54 - -11)?
-43
Calculate (71 - (-36 - -109)) + (-2 - -4) + 57.
57
Evaluate -10 - (-65 + (16 - (9 - 11) - 9)).
46
7 + -8 + 43 + (-58 - -58)
42
Evaluate (1340 - 1332) + -20 + 0 + -51.
-63
What is the value of 1029 - 1086 - (-8 + 3)?
-52
Evaluate -8 + (12 - 11 - (-2 + 1)) - -27.
21
Evaluate (122 - -48 - 157) + 18 + 4 + -2.
33
Evaluate -10 + (21 - ((-55 - 14) + 29)).
51
Evaluate 4 + (-173 - -226) + (1 - (0 - 1)) + -12.
47
What is the value of (20 - (18 - -33)) + -13?
-44
What is the value of -111 - (2 + -1) - (87 + -148 - -73)?
-124
What is 15 + -38 - (-14 - -21) - -4?
-26
What is 49 + (87 - 186) + -10?
-60
Evaluate 81 + (25 - -7 - 60) - (22 + 0).
31
-1507 - -1499 - (-15 + 2 + -3)
8
Evaluate 6 - -111 - (748 - 616).
-15
Evaluate -12 - (4 + 7 + 10 + 17 + 4).
-54
What is -47 - (-5 - (0 + -2)) - (39 + (-114 - -68))?
-37
Calculate (122 - 85 - -30) + -198.
-131
Evaluate 8 - -27 - (-15 + 19).
31
0 + 25 + 526 + -538 - 32 - 59
-78
Evaluate -8 - (39 + -25) - -47.
25
Evaluate (3 - -8) + (-22 + (28 - 10 - 3) - -14).
18
Evaluate -13 - (46 - 45 - 36).
22
50 + -35 - (4 + 38)
-27
What is the value of -35 - (-71 - -22 - -41)?
-27
What is (-2 + 6 - -27) + (14 - (2 - (3 - 9)))?
37
Calculate 20 + -11 + 23 + -40 + -8.
-16
What is the value of (2 - 79) + -442 + 496?
-23
Calculate -6 + (40 - 21) + -40 + 5.
-22
Calculate (-83 + -9 - -51) + -15.
-56
Evaluate -22 - (-112 + 75) - -58.
73
What is 9 + -2 - (3 + 8) - (31 - -6)?
-41
What is -7 + 2 + (-3 - (13 + -8)) - -15?
2
Evaluate 2 + -6 + 173 + -226 + -4 + -2.
-63
Evaluate 2 + -59 + 37 + 82.
62
Evaluate (4124 - 4149) + -25 + 1.
-49
354 + -371 - ((24 - 18) + (1 - 1))
-23
What is (-1 - -31) + -12 + -14 + (4 + 1 - -2)?
11
Calculate (4 + 22 + -10 + -2 - (5 - -46)) + -3.
-40
Evaluate (-24 - (-16 - (-10 - 2))) + (1 - 13).
-32
Calculate 157 - 74 - (8 + 21).
54
Calculate -37 - (-15 + (-55 - -29)) - (85 - 0).
-81
Evaluate (103 + -340 - -255) + -71 + -1.
-54
What is -21 - 24 - (-231 + 271)?
-85
41 + 1 + (-99 + 119 - (26 - -4))
32
-42 + -29 + 66 - -33
28
Calculate (26 - 20) + (1 - 8) - 13 - (-126 - -179).
-67
Evaluate 108 - (-36 + 77 - (33 + (-2 - 9))).
89
30 + 70 + -118 + -59
-77
What is -10 + (47 - 100) + 115?
52
-286 + 203 + 290 + -90
117
Calculate 130 + (-3 - (74 - 3)).
56
What is the value of 5 - (0 - 3) - (80 + -20 + 9 + -12)?
-49
(34 - 96 - (11 + -2)) + 9
-62
Calculate 15 + -1 + 107 + (-40 - 70).
11
(-43 - -33) + 1 + 8 - -9
8
What is (5495 - 5490 - (0 + -4 - 1)) + -15?
-5
What is the value of (25 - -19) + -7 + 0 + 7?
44
3 + (-3 - 6 - -4) - (-3 + -8 + -23)
32
Calculate -13 + 8 + 4 - ((12 - 3) + -5 - 5).
0
Evaluate -16 + 21 + (-2 - 6) + 0 + 1.
-2
What is the value of (-96 - 6 - -2) + 43?
-57
What is -67 + (-13 - (-2 - 5 - (2 - 0))) + 2?
-69
((19 - -5) + -26 - (-3 + 12 + -4)) + 54
47
Calculate 6423 + -6441 - ((5 + -2 - 0) + -123).
102
Calculate (31 - 74) + 12 + (-7 - -1).
-37
Evaluate 7 - (35 - ((14 - 14) + -6 - 3)).
-37
Calculate 4923 + -4872 - (109 + 3).
-61
What is the value of (-8 - (-13 - (-5 + 1))) + (-107 - -38)?
-68
What is the value of 87 - -2 - (377 + -353)?
65
What is the value of -41 - (9 - 42) - 12 - 33?
-53
What is (87 - 82) + 0 + -5 + -27?
-27
What is (-13 - (0 + -5)) + (1 - (6 + -3)) + 104?
94
61 - (-4 + -9 + 5 + 1 + 2 - -10)
56
What is -12 - -3 - ((-14 - -5) + 15)?
-15
Evaluate (11 - (85 - 37)) + -6.
-43
Calculate -10 - (-2 - -2) - (2107 - 2056 - (57 - 0)).
-4
Calculate 13 - (158 - 75) - -75.
5
What is 1 - -6 - (-221 - (-150 - 174))?
-96
What is the value of (-1018 - -908) + -2 + 39?
-73
What is -2 - (23 + -69 - -24)?
20
Evaluate (31 - 1) + (323 + -297 - (-1 - -2)) + -17.
38
What is 20 + (-3 - -3) - (47 - 68)?
41
1 - 27 - (122 + 116 + -180)
-84
(-16 - 9) + -16 - (-128 - -225)
-138
(-79 - -69) + (24 - 0) - -28
42
What is 15 + (-51 - -12) + 72?
48
1 - 4 - (-14 + -74 - (15 + -32) - 7)
75
Calculate -11 - (-9 + -13 + -20 - -13).
18
(-37 - (12 - 34)) + (-30 - 12)
-57
What is 14 + (84 - (13 - -6 - (1 + -12) - 15))?
83
Evaluate (-3 - -2 - -4 - 13) + (-47 - (-43 + 23)).
-37
(122 - 54) + (-16 - -40) + -11
81
What is the value of -1 + (26 - 35 - 8)?
-18
Evaluate -55 - ((2 - -5) + (-7 - (-29 - -41))).
-43
25 + -49 + (-91 - (9 + -21))
-103
Calculate -122 + (28 - -46) + 11.
-37
Evaluate -21 - (-1 + (5 - (8 + 22 + -16))).
-11
Evaluate 12 - (-26 + -8 + 34 + -5 + 1).
16
Evaluate -54 + 31 - (-17 - 1 - -23).
-28
What is the value of 71 + ((-13 - 8) + 5 - (-15 - (6 - 5)))?
71
10 + (510 - 512) + 0 + 1 + -2
7
Evaluate -29 + (5 - (-7 - 3) - 20).
-34
Evaluate 3 + (-10 - -12) + 2 - 94.
-87
What is the value of (5 - 22) + -5 - -19 - 29?
-32
What is the value of 143 - 59 - (60 + -4)?
28
Evaluate 21 - (38 + -3 + 115 + -136).
7
What is -62 + (36 - (4 - -4 - -9))?
-43
Evaluate (32 + -62 - -18) + 20.
8
What is the value of (-39 - -69) + 8 + 4 + -139?
-97
What is the value of -61 + 1 - (776 - 839)?
3
What is 0 + 1 + 15 - (31 + (-55 - -28))?
12
Evaluate 20 - (-3 - (-17 + 38) - 77).
121
-4 + (19 - (-11 - -21))
5
What is (-35 - -36 - 108) + -2 + -7 - -9?
-107
Evaluate 14 - (26 - -8) - 27.
-47
Calculate (34 + 3 - 15) + -8 - 2 - (74 + 2).
-64
What is the value of -18 + -153 + 103 - -67?
-1
Evaluate -27 + 3 + (-43 - (49 + -142)).
26
What is the value of -46 - (-11 + (52 - 103))?
16
Evaluate 40 + (2 - (8 - 0 - 31)).
65
-1 + -2 + 0 - (93 + (181 - 181))
-96
4 + 2 + 8 + -13 - (38 - 21)
-16
What is 1 + -11 + (-32 - -16) - -30?
4
What is the value of -79 - ((0 - -33) + (-121 - -91))?
-82
What is the value of -12 + -1 + (3 - 5) - (-15 + -9 + 20)?
-11
Evaluate -110 - -77 - 3 - (43 - -1).
-80
(219 - -1) + -5924 + 5847
143
What is the value of -27 + -34 + 17 + 27?
-17
What is 0 - (-37 + (-7 - (37 - 33 - (0 + 2))))?
46
Evaluate (5 - 8 - 4) + (0 - 0) - (-35 + 38).
-10
(-3206 - -3203) + (-1 - -43)
39
What is the value of (7 - -30) + -4 + 1 + 741 + -730?
45
-61 - (32 + (19 - 69) - -28)
-71
Evaluate (11 - (-54 + 40)) + -62.
-37
What is (-3 - 31 - (1 - -15)) + 16?
-34
What is 39 - (16 + 5) - (3 - (61 + 4))?
80
Calculate (5 - (7 - 8)) + 15 + -39.
-18
What is 1 - (-65 - (-72 - -77))?
71
What is the value of (-1 + 2 - -11) + (2933 - 2943)?
2
What is -5 - 12 - (11 - 14 - -7 - 24)?
3
-6 - (150 - ((23 - 48) + 15)) - -11
-155
10 + (16 - (100 - 12)) + 15
-47
What is the value of (-37 - (13 - 7)) + (17 - 2)?
-28
Calculate -4 + 1 + (-33 - 1) + (1258 - 1190).
31
Calculate 108 + (-19 + 14 - 48).
55
13886 + -14021 + (2 - -77)
-56
Calculate (-13 - -42) + -28 - 1.
0
What is (-61 - -47) + (-8 - 89)?
-111
-85 + (105 + 24 - -31)
75
Calculate (12 + -14 - 22) + -11 + (-11 - -23).
-23
(-3248 - -3244) + 2 + (-1 - 6) + 127
118
(7 + -5 - 12) + 2 + (-30 + 4 - -4)
-30
What is -1 + 17 - 44 - 29?
-57
What is 13 + (68 - 14 - ((16 - -9) + -19))?
61
What is the value of 35 - ((-14 - -28) + -17